{"id":2824,"date":"2022-12-16T12:21:55","date_gmt":"2022-12-16T11:21:55","guid":{"rendered":"https:\/\/www.aspterredargine.it\/aspterredargine\/?page_id=2824"},"modified":"2024-05-27T17:06:31","modified_gmt":"2024-05-27T15:06:31","slug":"privacy-policy","status":"publish","type":"page","link":"https:\/\/www.aspterredargine.it\/aspterredargine\/privacy-policy\/","title":{"rendered":"Privacy policy"},"content":{"rendered":"<h1>Privacy policy<\/h1>\n<p>&nbsp;<\/p>\n<p class=\"p1\">Aggiornata al 15.12.2022<\/p>\n<p class=\"p1\">Questa informativa \u00e8 redatta e personalizzata per i visitatori del sito web aspterredargine.it. Il presente documento annulla e sostituisce integralmente il documento che era stato pubblicato in precedenza in tema di cookie.<\/p>\n<p class=\"p1\"><b>PRIVACY POLICY &#8211; INFORMATIVA SITO WEB AI SENSI DELL\u2019ART 13 E 14 DEL REGOLAMENTO EUROPEO 2016\/679 (GDPR)<\/b><\/p>\n<p class=\"p1\">Specifiche informative di sintesi sono progressivamente riportate o visualizzate nelle pagine del sito predisposte per particolari servizi a richiesta che prevedono form per la raccolta dei dati. La informiamo inoltre che, per fornire un servizio completo, il nostro sito pu\u00f2 contenere link ad altri siti web, non gestiti da ASP &#8211; Azienda dei Servizi alla Persona delle Terre d&#8217;Argine. ASP &#8211; Azienda dei Servizi alla Persona delle Terre d&#8217;Argine non \u00e8 responsabile di errori, contenuti, cookies, pubblicazioni di contenuto morale illecito, pubblicit\u00e0, banner o files non conformi alle disposizioni normative vigenti e del rispetto della normativa Privacy da parte di siti non gestiti dal Titolare.<\/p>\n<p class=\"p1\">ASP &#8211; Azienda dei Servizi alla Persona delle Terre d&#8217;Argine, in qualit\u00e0 di Titolare del trattamento dei suoi dati personali ai sensi e per gli effetti degli art. 13 e 14 del Regolamento Europeo 2016\/679, con la presente La informa che la citata normativa prevede la tutela dei soggetti interessati rispetto al trattamento dei dati personali e che tale trattamento sar\u00e0 improntato ai principi di correttezza, liceit\u00e0 e trasparenza e di tutela della Sua riservatezza e dei Suoi diritti. Le informazioni ed i dati personali da Lei forniti od altrimenti acquisti nell\u2019ambito dell\u2019utilizzo del sito saranno trattati in accordo alle disposizioni legislative della normativa sopra richiamata e degli obblighi di riservatezza ivi previsti<\/p>\n<p class=\"p1\"><b>SOGGETTI INTERESSATI E TEMPO DI CONSERVAZIONE<\/b><\/p>\n<p class=\"p1\"><b>A) utenti (navigatori) del sito web <\/b>ASP &#8211; Azienda dei Servizi alla Persona delle Terre d&#8217;Argine<\/p>\n<p class=\"p1\"><b>Tipologia di dati trattati<\/b><\/p>\n<ul class=\"ul1\">\n<li class=\"li1\">Dati di Navigazione<i>: gli indirizzi IP o i nomi a dominio dei computer e di altri dispositivi utilizzati dagli utenti che si connettono al sito; gli indirizzi in notazione URI (Uniform Resource Identifier) delle risorse richieste ed eventuali indicazioni temporali delle stesse; parametri relativi al sistema operativo e all&#8217;ambiente informatico dell&#8217;utente; pagine di partenza e di arrivo; indice di Navigazione e comportamenti identificativi durante la visualizzazione delle pagine del sito.<\/i><\/li>\n<li class=\"li1\">Dati personali forniti volontariamente dall&#8217;utente<i>: l&#8217;invio facoltativo, esplicito e volontario di posta elettronica agli indirizzi indicati su questo sito e la compilazione di form presenti sul medesimo comporta la successiva acquisizione dei dati personali del mittente (a mero titolo esemplificativo nome, cognome, indirizzo mail). Specifiche informative di sintesi sono presenti nelle pagine che prevedono i form.<\/i><\/li>\n<\/ul>\n<p class=\"p1\">Finalit\u00e0 del trattamento<i>: i Suoi dati raccolti durante la navigazione verranno trattati per le seguenti finalit\u00e0.<\/i><\/p>\n<ul class=\"ul1\">\n<li class=\"li1\">1) svolgimento di operazioni strettamente connesse e strumentali alla gestione dei rapporti con gli utenti o dei visitatori del sito;<\/li>\n<\/ul>\n<p class=\"p1\">Il trattamento dei dati per l\u2019espletamento della finalit\u00e0 di cui al punto 1 \u00e8 necessaria per adempiere ad una sua richiesta e l\u2019eventuale rifiuto potrebbe limitare e\/o impedire l\u2019utilizzo in pieno delle funzionalit\u00e0 e dei servizi presenti sul sito. La base giuridica per il trattamento dei Suoi dati per le finalit\u00e0 di cui al punto 1 \u00e8 l\u2019adempimento di una sua richiesta, ai sensi dell\u2019articolo 6.1.b.) del GDPR; l\u2019eventuale Suo rifiuto di conferire tali dati implicherebbe l\u2019impossibilit\u00e0 di consultare il Sito<span class=\"s2\">.<\/span><\/p>\n<p class=\"p1\"><b>COOKIE ED ALTRI SISTEMI DI TRACCIAMENTO<\/b><\/p>\n<p class=\"p1\">I suoi dati sono raccolti anche mediante strumenti e servizi erogati da terze parti e conservati dagli stessi. Per maggiori informazioni e per visualizzare l\u2019elenco si rimanda al documento \u201ccookie policy\u201d<\/p>\n<p class=\"p1\">Si avvisa che ASP &#8211; Azienda dei Servizi alla Persona delle Terre d&#8217;Argine funge meramente da intermediario per i link riportati nella cookie policy e non pu\u00f2 assumersi nessuna responsabilit\u00e0 in caso di eventuale modifica.<\/p>\n<p class=\"p1\"><b>MODALIT\u00c0 DEL TRATTAMENTO DEI DATI PERSONALI<\/b><\/p>\n<p class=\"p1\">I suoi dati personali saranno trattati con modalit\u00e0 elettroniche e\/o telematiche, mediante l\u2019utilizzo di cookie (come indicato nella cookie policy disponibile sul sito) e a mezzo di calcolatori elettronici con utilizzo di software di terze parti, nel rispetto delle modalit\u00e0 di cui agli artt. 6, 32 del GDPR e mediante l&#8217;adozione delle adeguate misure di sicurezza previste.<\/p>\n<p class=\"p1\"><b>DESTINATARI DEI DATI PERSONALI E DIFFUSIONE DEI DATI<\/b><\/p>\n<p class=\"p1\">I suoi dati saranno trattati da personale opportunamente incaricato e saranno comunicati all\u2019esterno a societ\u00e0 che agiscono in qualit\u00e0 di autonomo Titolare o Responsabile del trattamento:<\/p>\n<ul class=\"ul1\">\n<li class=\"li1\">soggetti esterni che forniscono servizi in cloud;<\/li>\n<li class=\"li1\">fornitori di servizi di assistenza tecnica;<\/li>\n<li class=\"li1\">societ\u00e0 del gruppo che forniscono i servizi per la gestione del sistema informatico, ivi inclusi i servizi di hosting dei server e di backup;<\/li>\n<li class=\"li1\">societ\u00e0 terze che erogano servizi di terze parti<\/li>\n<\/ul>\n<p class=\"p4\">L\u2019elenco completo pu\u00f2 essere richiesto scrivendo ai recapiti del Titolare<\/p>\n<p class=\"p4\">I suoi dati non saranno oggetto di diffusione.<\/p>\n<p class=\"p1\"><b>PERIODO DI CONSERVAZIONE<\/b><\/p>\n<p class=\"p1\">Le segnaliamo che, nel rispetto dei principi di liceit\u00e0, limitazione delle finalit\u00e0 e minimizzazione dei dati, ai sensi<\/p>\n<p class=\"p1\">dell\u2019art. 5 del GDPR, i dati di navigazione sono conservati per i tempi indicati nella cookie policy disponibile sul sito.<\/p>\n<p class=\"p1\"><b>TRASFERIMENTO DEI DATI<\/b><\/p>\n<p class=\"p1\">I suoi dati possono essere trasferiti verso paesi non appartenenti all\u2019Unione Europea come indicato nella Cookie Policy delle societ\u00e0 che erogano i servizi relativi ai cookie di terze parti. Per maggiori informazioni scrivere a info@aspterredargine.it. Per esigenze tecniche e\/o organizzative i suoi dati sono trasferiti verso paesi appartenenti all\u2019Unione Europea.<\/p>\n<p class=\"p7\"><b>MINORI<\/b><\/p>\n<p class=\"p1\">Il Sito non \u00e8 diretto all\u2019utilizzo da parte di minori e non sono raccolti dati di minori da parte del Titolare. Nel caso in cui il Titolare sia a conoscenza della raccolta di tali dati (es. tramite form presenti sul sito) li canceller\u00e0 immediatamente. Il Titolare risponder\u00e0 alle richieste di informazioni in conformit\u00e0 con le leggi applicabili. Si ricorda che l\u2019esercente la responsabilit\u00e0 genitoriale \u00e8 tenuto nel caso di richieste di informazioni a fornirci il consenso alla raccolta dei dati personali del minore.<\/p>\n<p class=\"p8\"><b>TITOLARE DEL TRATTAMENTO<\/b><\/p>\n<p class=\"p1\">Il Titolare del trattamento \u00e8 ASP &#8211; Azienda dei Servizi alla Persona delle Terre d&#8217;Argine, con sede legale in Via Trento e Trieste, 22 &#8211; 41012 Carpi (MO) ,059\/6257611, info@aspterredargine.it nella persona del legale rappresentante pro-tempore.<\/p>\n<p class=\"p1\">Il Titolare ha designato il Responsabile della protezione dei dati personali disponibile agli indirizzi mail:<\/p>\n<div>Email:\u00a0<a href=\"mailto:dpo@robyone.net\" target=\"_blank\" rel=\"noopener\">dpo@robyone.net<\/a><\/div>\n<div>PEC:\u00a0<a href=\"mailto:dpo.robyone@ronepec.it\" target=\"_blank\" rel=\"noopener\">dpo.robyone@ronepec.it<\/a><\/div>\n<p class=\"p1\">\nLei ha diritto di ottenere dal Titolare la cancellazione (diritto all&#8217;oblio), la limitazione, l&#8217;aggiornamento, la rettificazione, la portabilit\u00e0, l&#8217;opposizione al trattamento dei dati personali che La riguardano, nonch\u00e9 in generale pu\u00f2 esercitare tutti i diritti previsti dagli artt. 15 e seguenti del Regolamento Europeo 2016\/679 scrivendo a <a href=\"mailto:dpo@robyone.net\" target=\"_blank\" rel=\"noopener\">dpo@robyone.net<\/a>. L\u2019interessato ha il diritto di proporre reclamo all\u2019Autorit\u00e0 di controllo<span class=\"s2\"><b>.<\/b><\/span><\/p>\n<p class=\"p1\"><b><br \/>\nAPPLICAZIONE DELLA PRESENTE INFORMATIVA<\/b><\/p>\n<p class=\"p1\">Se avete dubbi riguardo la presente Informativa, contattate innanzitutto ASP &#8211; Azienda dei Servizi alla Persona delle Terre d&#8217;Argine inviando una\u00a0e-mail all\u2019indirizzo info@aspterredargine.it oppure contattando il Titolare ai recapiti aziendali forniti nel presente documento.<\/p>\n<p class=\"p1\"><b><br \/>\nMODIFICHE ALLA PRESENTE INFORMATIVA<\/b><\/p>\n<p class=\"p1\">ASP &#8211; Azienda dei Servizi alla Persona delle Terre d&#8217;Argine si riserva il diritto di aggiornare la presente informativa per adeguarla al diritto sopravveniente, nonch\u00e9 tenendo in debita considerazione i suggerimenti trasmessi da dipendenti, clienti, collaboratori e utenti. In caso di modifiche da parte di ASP &#8211; Azienda dei Servizi alla Persona delle Terre d&#8217;Argine, verr\u00e0 tempestivamente aggiornata l\u2019Informativa Privacy presente sulla pagina principale di privacy e sulla Homepage del sito web aspterredargine.it<\/p>\n<p class=\"p9\"><span class=\"s3\"><br \/>\n<\/span><b>DIRITTI DEGLI INTERESSATI<\/b><\/p>\n<p class=\"p10\">Reg.to UE 2016\/679: Artt. 15, 16, 17, 18, 19, 20, 21, 22 &#8211; Diritti dell&#8217;Interessato<\/p>\n<p class=\"p10\">1. L&#8217;interessato ha diritto di ottenere la conferma dell&#8217;esistenza o meno di dati personali che lo riguardano, anche se non ancora registrati, e la loro comunicazione in forma intelligibile e la possibilit\u00e0 di effettuare reclamo presso l\u2019Autorit\u00e0 di controllo.<\/p>\n<p class=\"p9\">2. L&#8217;interessato ha diritto di ottenere l&#8217;indicazione:<\/p>\n<ol class=\"ol1\">\n<li class=\"li9\">dell&#8217;origine dei dati personali;<\/li>\n<li class=\"li9\">delle finalit\u00e0 e modalit\u00e0 del trattamento;<\/li>\n<li class=\"li9\">della logica applicata in caso di trattamento effettuato con l&#8217;ausilio di strumenti elettronici;<\/li>\n<li class=\"li9\">degli estremi identificativi del titolare, dei responsabili e del rappresentante designato ai sensi dell&#8217;articolo 5, comma 2;<\/li>\n<li class=\"li9\">dei soggetti o delle categorie di soggetti ai quali i dati personali possono essere comunicati o che possono venirne a conoscenza in qualit\u00e0 di rappresentante designato nel territorio dello Stato, di responsabili o personale autorizzato al trattamento dei dati personali.<\/li>\n<\/ol>\n<p class=\"p9\">3. L&#8217;interessato ha diritto di ottenere:<\/p>\n<ol class=\"ol1\">\n<li class=\"li9\">l&#8217;aggiornamento, la rettificazione ovvero, quando vi ha interesse, l&#8217;integrazione dei dati;<\/li>\n<li class=\"li9\">la cancellazione, la trasformazione in forma anonima o il blocco dei dati trattati in violazione di legge, compresi quelli di cui non \u00e8 necessaria la conservazione in relazione agli scopi per i quali i dati sono stati raccolti o successivamente trattati;<\/li>\n<li class=\"li9\">l&#8217;attestazione che le operazioni di cui alle lettere a) e b) sono state portate a conoscenza, anche per quanto riguarda il loro contenuto, di coloro ai quali i dati sono stati comunicati o diffusi, eccettuato il caso in cui tale adempimento si rivela impossibile o comporta un impiego di mezzi manifestamente sproporzionato rispetto al diritto tutelato;<\/li>\n<li class=\"li9\">la portabilit\u00e0 dei dati.<\/li>\n<\/ol>\n<p class=\"p9\">4. L&#8217;interessato ha diritto di opporsi, in tutto o in parte:<\/p>\n<ol class=\"ol1\">\n<li class=\"li9\">per motivi legittimi al trattamento dei dati personali che lo riguardano, ancorch\u00e9 pertinenti allo scopo della raccolta;<\/li>\n<li class=\"li9\">al trattamento di dati personali che lo riguardano a fini di invio di materiale pubblicitario o di vendita diretta o per il compimento di ricerche di mercato o di comunicazione commerciale<\/li>\n<\/ol>\n<p>&nbsp;<\/p>\n","protected":false},"excerpt":{"rendered":"<p>Privacy policy &nbsp; Aggiornata al 15.12.2022 Questa informativa \u00e8 redatta e personalizzata per i visitatori del sito web aspterredargine.it. Il presente documento annulla e sostituisce integralmente il documento che era stato pubblicato in precedenza in tema di cookie. PRIVACY POLICY&hellip; <\/p>\n","protected":false},"author":1,"featured_media":0,"parent":0,"menu_order":0,"comment_status":"closed","ping_status":"closed","template":"","meta":{"footnotes":""},"_links":{"self":[{"href":"https:\/\/www.aspterredargine.it\/aspterredargine\/wp-json\/wp\/v2\/pages\/2824"}],"collection":[{"href":"https:\/\/www.aspterredargine.it\/aspterredargine\/wp-json\/wp\/v2\/pages"}],"about":[{"href":"https:\/\/www.aspterredargine.it\/aspterredargine\/wp-json\/wp\/v2\/types\/page"}],"author":[{"embeddable":true,"href":"https:\/\/www.aspterredargine.it\/aspterredargine\/wp-json\/wp\/v2\/users\/1"}],"replies":[{"embeddable":true,"href":"https:\/\/www.aspterredargine.it\/aspterredargine\/wp-json\/wp\/v2\/comments?post=2824"}],"version-history":[{"count":8,"href":"https:\/\/www.aspterredargine.it\/aspterredargine\/wp-json\/wp\/v2\/pages\/2824\/revisions"}],"predecessor-version":[{"id":3833,"href":"https:\/\/www.aspterredargine.it\/aspterredargine\/wp-json\/wp\/v2\/pages\/2824\/revisions\/3833"}],"wp:attachment":[{"href":"https:\/\/www.aspterredargine.it\/aspterredargine\/wp-json\/wp\/v2\/media?parent=2824"}],"curies":[{"name":"wp","href":"https:\/\/api.w.org\/{rel}","templated":true}]}}